factors of 1807850.
2, 5, 11, 19, 173
List the prime factors of 594051.
3, 198017
List the prime factors of 361389.
3, 7, 17209
List the prime factors of 10870823.
10870823
List the prime factors of 306578.
2, 17, 71, 127
List the prime factors of 49911.
3, 127, 131
List the prime factors of 7845601.
2801
What are the prime factors of 43444?
2, 10861
List the prime factors of 10894680.
2, 3, 5, 53, 571
What are the prime factors of 533762?
2, 37, 7213
List the prime factors of 472159.
472159
List the prime factors of 10259457.
3, 13, 263063
List the prime factors of 25212724.
2, 433, 14557
What are the prime factors of 3439992?
2, 3, 143333
What are the prime factors of 184952?
2, 61, 379
What are the prime factors of 224752?
2, 11, 1277
List the prime factors of 89223.
3, 29741
What are the prime factors of 771273?
3, 17, 71
List the prime factors of 37527.
3, 7, 1787
What are the prime factors of 13847385?
3, 5, 331, 2789
What are the prime factors of 28985971?
7, 4140853
What are the prime factors of 2722466?
2, 271, 5023
What are the prime factors of 177829?
79, 2251
What are the prime factors of 7819652?
2, 131, 14923
What are the prime factors of 378069?
3, 126023
What are the prime factors of 5079082?
2, 271, 9371
What are the prime factors of 972843?
3, 83, 3907
List the prime factors of 771214.
2, 385607
What are the prime factors of 39255?
3, 5, 2617
What are the prime factors of 48580?
2, 5, 7, 347
What are the prime factors of 64587?
3, 21529
List the prime factors of 2930627.
7, 499, 839
List the prime factors of 143624.
2, 13, 1381
What are the prime factors of 3866551?
13, 137, 167
What are the prime factors of 370607?
487, 761
List the prime factors of 971950.
2, 5, 7, 2777
List the prime factors of 191633.
13, 14741
What are the prime factors of 3142032?
2, 3, 67, 977
List the prime factors of 7907329.
17, 27361
What are the prime factors of 2861470?
2, 5, 53, 5399
List the prime factors of 392518.
2, 7, 23, 53
List the prime factors of 1354416.
2, 3, 7, 29, 139
List the prime factors of 7986336.
2, 3, 23, 3617
What are the prime factors of 378612?
2, 3, 13, 809
What are the prime factors of 257012?
2, 7, 67, 137
List the prime factors of 3141114.
2, 3, 523519
What are the prime factors of 877790?
2, 5, 61, 1439
List the prime factors of 124065.
3, 5, 919
What are the prime factors of 439791?
3, 11, 13327
What are the prime factors of 34271156?
2, 29, 295441
What are the prime factors of 288087?
3, 109, 881
What are the prime factors of 897797?
43, 20879
What are the prime factors of 31106025?
3, 5, 15361
What are the prime factors of 393003?
3, 13, 3359
What are the prime factors of 2409733?
17, 23, 6163
What are the prime factors of 2005938?
2, 3, 11, 307
What are the prime factors of 261870?
2, 3, 5, 7, 29, 43
What are the prime factors of 667493?
29, 23017
List the prime factors of 17038963.
17038963
What are the prime factors of 1640926?
2, 7, 117209
What are the prime factors of 3838773?
3, 401, 3191
List the prime factors of 1338377.
1338377
List the prime factors of 212954.
2, 7, 41, 53
What are the prime factors of 12971406?
2, 3, 7, 61, 83
What are the prime factors of 779770?
2, 5, 77977
What are the prime factors of 157899?
3, 7, 73, 103
List the prime factors of 477452.
2, 119363
List the prime factors of 248058.
2, 3, 13781
What are the prime factors of 374872?
2, 47, 997
List the prime factors of 399982.
2, 11, 18181
What are the prime factors of 93946?
2, 107, 439
What are the prime factors of 9697776?
2, 3, 11, 18367
List the prime factors of 487956.
2, 3, 7, 37, 157
What are the prime factors of 2524635?
3, 5, 18701
What are the prime factors of 1342361?
1342361
List the prime factors of 31037510.
2, 5, 7, 31, 14303
List the prime factors of 2338897.
11, 212627
What are the prime factors of 1884814?
2, 59, 15973
List the prime factors of 859699.
43, 19993
What are the prime factors of 79211?
11, 19, 379
What are the prime factors of 1547167?
337, 4591
List the prime factors of 9975270.
2, 3, 5, 332509
List the prime factors of 366399.
3, 11, 3701
List the prime factors of 248756.
2, 62189
List the prime factors of 276392.
2, 34549
What are the prime factors of 1216935?
3, 5, 27043
What are the prime factors of 90361?
109, 829
What are the prime factors of 41554?
2, 79, 263
What are the prime factors of 24587?
23, 1069
What are the prime factors of 6845809?
6845809
What are the prime factors of 7458267?
3, 2486089
What are the prime factors of 9539363?
17, 61, 9199
What are the prime factors of 1787394?
2, 3, 7, 42557
What are the prime factors of 7042678?
2, 1213, 2903
What are the prime factors of 20804798?
2, 7, 1486057
What are the prime factors of 16756?
2, 59, 71
What are the prime factors of 2436370?
2, 5, 19, 12823
What are the prime factors of 177819?
3, 59273
List the prime factors of 583948.
2, 145987
What are the prime factors of 74317?
74317
What are the prime factors of 479876?
2, 17, 7057
What are the prime factors of 12918952?
2, 653, 2473
What are the prime factors of 2821502?
2, 23, 83, 739
List the prime factors of 3549748.
2, 31, 28627
What are the prime factors of 218921?
29, 7549
List the prime factors of 188348.
2, 47087
What are the prime factors of 143357?
143357
List the prime factors of 1038719.
11, 89, 1061
List the prime factors of 2309165.
5, 19, 109, 223
List the prime factors of 1113721.
7, 17, 191
List the prime factors of 3251127.
3, 11, 98519
List the prime factors of 4155724.
2, 59, 17609
What are the prime factors of 306656?
2, 7, 37
What are the prime factors of 20428141?
20428141
List the prime factors of 220503.
3, 31, 2371
What are the prime factors of 624683?
624683
List the prime factors of 2192683.
647, 3389
List the prime factors of 356684.
2, 23, 3877
What are the prime factors of 241769?
11, 31, 709
What are the prime factors of 188328?
2, 3, 7, 19, 59
What are the prime factors of 199074?
2, 3, 33179
List the prime factors of 121196.
2, 41, 739
List the prime factors of 261290.
2, 5, 17, 29, 53
What are the prime factors of 380676?
2, 3, 31723
What are the prime factors of 67821?
3, 13, 37, 47
What are the prime factors of 2189729?
2189729
What are the prime factors of 943391?
23, 41017
List the prime factors of 1540320.
2, 3, 5, 3209
List the prime factors of 1405435.
5, 103, 2729
What are the prime factors of 2843388?
2, 3, 19, 4157
List the prime factors of 193022.
2, 103, 937
List the prime factors of 44340.
2, 3, 5, 739
List the prime factors of 99334.
2, 49667
What are the prime factors of 110145?
3, 5, 7, 1049
List the prime factors of 190210.
2, 5, 23, 827
List the prime factors of 304696.
2, 7, 5441
What are the prime factors of 12736649?
193, 65993
List the prime factors of 13173905.
5, 2634781
What are the prime factors of 2126935?
5, 425387
What are the prime factors of 42513610?
2, 5, 4251361
What are the prime factors of 16489783?
16489783
What are the prime factors of 505361?
107, 4723
List the prime factors of 541097.
541097
What are the prime factors of 4412252?
2, 13, 61, 107
What are the prime factors of 1669885?
5, 7, 47711
What are the prime factors of 1267166?
2, 633583
What are the prime factors of 9583234?
2, 191, 25087
List the prime factors of 60023.
193, 311
What are the prime factors of 7026670?
2, 5, 7, 37, 2713
List the prime factors of 363134.
2, 31, 5857
What are the prime factors of 535406?
2, 53, 5051
List the prime factors of 13349491.
71, 188021
List the prime factors of 1039748.
2, 259937
What are the prime factors of 14003925?
3, 5, 13, 53, 271
What are the prime factors of 134702?
2, 47, 1433
What are the prime factors of 1218198?
2, 3, 191, 1063
What are the prime factors of 1807123?
107, 16889
List the prime factors of 11378203.
37, 181, 1699
List the prime factors of 1048649.
7, 21401
List the prime factors of 30258977.
7, 29, 149059
List the prime factors of 17148159.
3, 7, 90731
List the prime factors of 104708.
2, 26177
List the prime factors of 260380.
2, 5, 47, 277
What are the prime factors of 21125030?
2, 5, 173, 12211
What are the prime factors of 11633639?
11633639
List the prime factors of 1160707.
59, 103, 191
List the prime factors of 13741127.
71, 103, 1879
List the prime factors of 16834267.
17, 181, 54